ppose 0 = -g + 61 + 5. Suppose 6 - g = -5*y. Suppose 0 = -2*r + 4, 4*r - 10 = -f + y. What are the prime factors of f?
2, 7
Let l(q) = q**3 + 14*q**2 + q + 663. Let f be l(0). Let b = -301 + f. What are the prime factors of b?
2, 181
Let g = 2210 + -1089. Let n = -506 + g. What are the prime factors of n?
3, 5, 41
Let w = 23616 - 16236. List the prime factors of w.
2, 3, 5, 41
What are the prime factors of -72*253/(-22) - 15?
3, 271
Suppose 13*a - 15727 - 9812 + 6728 = 0. What are the prime factors of a?
1447
What are the prime factors of 810/(-108)*(-1 + -533)*-1*-5?
3, 5, 89
Let j(i) be the third derivative of 0*i + 0 - 17*i**2 + 23/6*i**3 + 1/24*i**4. List the prime factors of j(9).
2
Let f be 11/((22/(-4))/(-11)). Suppose 1669 + 14149 = f*p. List the prime factors of p.
719
Let j(u) = u**3 + 9*u**2 + 12*u + 8. Let v be j(-8). Let d(w) = -w**2 - 26*w - 49. Let q be d(v). What are the prime factors of (0 + -63 + 3)/q?
2, 3, 5
Let m be 2*(-2)/6 + 1027/(-39). Let t(w) = -w**2 - 34*w + 9. List the prime factors of t(m).
2, 3, 11
Suppose 0 = x - 19 + 13. Let a be (0 - x)*18/(-12). Suppose -10*r + a*r + 9 = 0. List the prime factors of r.
3
Let k(h) = 4609*h + 5782. List the prime factors of k(8).
2, 3, 7109
Suppose -137*b + 131*b = -12. Suppose 2 = -2*j + 6. Suppose g - 22 = i, -3*g + 89 = b*g + j*i. List the prime factors of g.
19
Let v = 20324 - 9312. What are the prime factors of v?
2, 2753
Let x(g) = -16 + g**3 - g - g**2 - g - g + 17. Suppose 2*v - 35 = 5*l, 7 = 2*v - 2*l - 13. List the prime factors of x(v).
2, 43
Let p(h) = -101*h**3 - 8*h**2 + 63*h + 340. List the prime factors of p(-5).
2, 3, 5, 83
Let c = 223 + -228. List the prime factors of (10 - 5) + c + (238 - -1).
239
Let j(f) = 1253*f**2 + 16*f + 30. List the prime factors of j(-2).
2, 3, 5, 167
Let x be (-1428 - 18)/(-2 - 1/(-1)). Suppose -2*a = 2*w - 3238, -3*w - 165 = -a + x. What are the prime factors of a?
3, 7, 11
Suppose -576982 = -69*n + 1633433. List the prime factors of n.
5, 43, 149
List the prime factors of (11349/(-6))/(16/(-128)).
2, 3, 13, 97
Suppose 6*k - 173 = 103. Let v be ((-15)/(-4))/(9/24). Suppose u = d + v, 3*u - 2*d + k = 7*u. What are the prime factors of u?
11
Let t(k) = 150*k + 1185. List the prime factors of t(28).
3, 5, 359
Let i(y) = 12157*y**3 - 13*y**2 + 13*y. What are the prime factors of i(1)?
12157
Suppose 0 = 7*g - 26*g + 101745. What are the prime factors of g?
3, 5, 7, 17
Let m = -133 + 137. Suppose -5*s + 204 = -3*c + m*c, -4*c + 752 = 4*s. List the prime factors of c.
2, 23
Let v = -2848 + 5648. List the prime factors of v.
2, 5, 7
Let n(t) = -2*t + 17. Let g be n(11). List the prime factors of 3 + 17/g - 10528/(-70).
2, 3, 5
Let k(b) = b**3 - 60*b**2 + 72*b - 1262. List the prime factors of k(68).
2, 3, 37, 61
Suppose 17*d = 12*d + 5*y + 130, 2*d + y - 64 = 0. Suppose d*k - 3234 = 606. List the prime factors of k.
2
Suppose 4*b = 16*y - 18*y + 15584, -3*b + 2*y = -11702. What are the prime factors of b?
2, 1949
Suppose 4*q - 3*r = 147, -4*q - q - 4*r = -176. What are the prime factors of (-2)/(-7) - q/(-56)*390?
251
Let y = -9 + 38. Suppose -5*n + 3*s = y, 4*n + 20 = 3*s - 5. What are the prime factors of n + (-255)/(-1) - 5?
2, 3, 41
Suppose 103 + 37 = 2*r. Suppose 3*h - r = -2*i + 705, -2*h = -4*i + 1558. What are the prime factors of i?
389
Suppose 13*o - 1392 = o. Let f = -112 + o. Suppose f*g - 507 = 421. List the prime factors of g.
2, 29
Let y = -533 - 285. Let t be -7 - y - (-2 - 1). Suppose -4*z + 692 = u, 0 = -3*z - 3*u - 286 + t. List the prime factors of z.
2, 43
Let n(a) = -5*a**3 + 7*a**2 + 16*a - 47. Let r(g) = -g**3 - g**2 + 1. Let v(o) = -n(o) + 4*r(o). Let d be v(12). What are the prime factors of (-20)/4 + 3*d?
2
Suppose -80208 + 31628 = -p - i, -i - 145772 = -3*p. List the prime factors of p.
2, 3, 4049
Let s be (-11 + 2)*(-849)/(-9). List the prime factors of (-9 - s) + (-40)/5.
2, 13
Let a be -1 + 112/18 + (-16)/72. Suppose -2*t - a + 15 = 0. Suppose 7*z - t*z = 292. List the prime factors of z.
2, 73
Suppose -4*c + 2*c = 3*l - 35329, -58883 = -5*l - 3*c. List the prime factors of l.
11779
Suppose -o = -2*a + o - 8, 4*o - 19 = 5*a. Let h be -148 - 15/a*(-6)/10. List the prime factors of -1*(2/(-2))/((-1)/h).
151
Let r(t) = 4*t**2 - 5*t + 4. Let y be r(-7). Suppose -y = m - 2*m + 4*c, -5*m = 4*c - 1175. What are the prime factors of m?
5, 47
Let t(g) = -4889*g - 220. What are the prime factors of t(-3)?
14447
Suppose 1925*b - 1915*b - 27560 = 0. List the prime factors of b.
2, 13, 53
Let k(b) = 4*b**2 - 17*b + 64. Let n = 131 - 125. What are the prime factors of k(n)?
2, 53
List the prime factors of (-657415)/(-220) + -2*(-3)/8.
7, 61
Suppose -4*d - 35 = -3*j, 3*d = 6*j - 4*j - 25. List the prime factors of (2400/5)/j + -6.
2, 3, 5
What are the prime factors of ((-1014)/(-4))/((-34)/((-3400)/75))?
2, 13
Suppose -3*l - 9 = 2*r, 4*r + 0*r + 3*l + 27 = 0. Let n(p) = p + 16. Let q be n(r). Suppose -q*i = 8 - 169. What are the prime factors of i?
23
Let h(p) = p**3 + 5*p**2 + 14*p - 16. Let o be h(-7). Let c = 494 + o. Suppose -c - 180 = -7*a. List the prime factors of a.
2, 3, 11
Let g(f) = 23*f - 5. Let z be g(6). Let s be 5*(1 + -2) - 48. Let x = s + z. What are the prime factors of x?
2, 5
Let q(n) = -37*n + 19*n + 16 + 21*n. Suppose 3*s + 9 = 27. List the prime factors of q(s).
2, 17
Suppose -17*g + 33 = -6*g. Suppose -4*i - 433 = -z + 11, 0 = g*z - i - 1310. List the prime factors of z.
2, 109
Suppose 13*d - 115 = -24. Let m(x) = 7*x**2 + 9*x - 62. List the prime factors of m(d).
2, 43
Let m be (164/(-6))/((-2)/360). Suppose -20*f + 16*f + m = 0. List the prime factors of f.
2, 3, 5, 41
Let t(y) = -22*y + 11. Let s(n) = 3*n**2 + 7*n + 5. Let o be s(-5). Suppose 3*p + 5*k + 27 = -0*k, 5*p - 5*k = -o. What are the prime factors of t(p)?
11, 19
Suppose 0 = 5*q - 4*t - 173289, -28*t + 27*t = -5*q + 173286. What are the prime factors of q?
7, 4951
Suppose -5*l = -s - 4474, l + 0*s - 898 = -3*s. Suppose 51*p + l = 56*p. List the prime factors of p.
179
Let t = -303 - -977. Suppose 0 = -4*m + t + 1146. List the prime factors of m.
5, 7, 13
Let l = -16434 - -24005. List the prime factors of l.
67, 113
Let u = 104 - -788. List the prime factors of u.
2, 223
Suppose 32*o + 25 = 121. Suppose o*x = -2*n - 2*n + 937, n + 3*x - 223 = 0. List the prime factors of n.
2, 7, 17
Suppose 0 = -156*p + 8*p + 81696. List the prime factors of p.
2, 3, 23
Suppose -5*j - 173 + 178 = 0. What are the prime factors of (-34)/((-1)/(-1)*-2 + j)?
2, 17
List the prime factors of (0 - 7/(-14)) + (-82728)/(-16).
5171
Let u = -1730 + 2538. Suppose 5*f = h + 2633, 4*f + h - 1302 = u. List the prime factors of f.
17, 31
Suppose 0 - 16 = -16*h. List the prime factors of -3 + (40 + h)*(10 - 6).
7, 23
Suppose -58*a = 11*a - 2323782. What are the prime factors of a?
2, 3, 1871
Let x = 72 + -72. Suppose x = 17*l - 15*l + 32. What are the prime factors of (-1 - 11)/(6*1/l)?
2
Suppose 2*z + 4*f = 12692, -5*z + 2*f = -4*z - 6358. List the prime factors of z.
2, 397
Let u(q) = 2*q**2 + 43*q - 205. List the prime factors of u(47).
2, 3, 1039
Suppose -4*o - 16*c + 32 = -12*c, 0 = -4*o - 5*c + 35. Suppose 3*p = 4*r - 152, -3*p + 36 = r + 13. What are the prime factors of -1 + 8/o + 3969/r?
2, 3, 19
Suppose -5*u + 0 = -35. Let j(v) = v**2 - 4*v - 19. Let s be j(u). Let g(b) = 12*b**2 - 3*b - 2. List the prime factors of g(s).
2, 5
Let k be 4346/24 + 9/(-108). Let g = k + 224. What are the prime factors of g?
3, 5
Let r(s) = 118*s**2 + 4*s + 1. Let h be r(-1). Suppose -7*w - h = -570. Suppose 0 = -m - y + 9, -4*m - 4 + w = -y. List the prime factors of m.
2, 7
Suppose -35 = -8*f - 11. Suppose -100 = -3*a - g, -2*a - f*g + 50 = g. Suppose a = 3*j - 289. What are the prime factors of j?
2, 3
Suppose 257 + 12 = k + 3*t, -5*k - 2*t + 1384 = 0. Suppose 3*g - i = k, -g + 3*g + 4*i - 190 = 0. Suppose -3*v + 69 + g = 0. List the prime factors of v.
2, 3
Suppose 2*j - 1211 - 12784 = k, -27987 = -4*j - k. What are the prime factors of j?
6997
Suppose 3*a + 170 = i, 0 = 3*i + 3*a - 479 - 19. Suppose 25*t - i = 1108. What are the prime factors of t?
3, 17
Suppose 0 = 2*j + 10, -39 = 5*k - 3*j + 6. Let v be 6/(-3) - (k/3)/1. What are the prime factors of (759/(-15) - 1)*(-5)/v